{"id":162,"date":"2025-10-01T21:48:44","date_gmt":"2025-10-01T19:48:44","guid":{"rendered":"https:\/\/vincentdepaulath.eu\/?post_type=tribe_events&#038;p=162"},"modified":"2025-10-01T21:52:51","modified_gmt":"2025-10-01T19:52:51","slug":"echappee-estivale-a-maffle","status":"publish","type":"tribe_events","link":"https:\/\/vincentdepaulath.eu\/index.php\/event\/echappee-estivale-a-maffle\/","title":{"rendered":"Echapp\u00e9e estivale \u00e0 Maffle"},"content":{"rendered":"<h4><img decoding=\"async\" class=\"alignnone size-full wp-image-163\" src=\"http:\/\/vincentdepaulath.eu\/wp-content\/uploads\/2025\/10\/20251004_Estivales_Maffle_Affiche_image.png\" alt=\"\" width=\"1170\" height=\"650\" srcset=\"https:\/\/vincentdepaulath.eu\/wp-content\/uploads\/2025\/10\/20251004_Estivales_Maffle_Affiche_image-200x111.png 200w, https:\/\/vincentdepaulath.eu\/wp-content\/uploads\/2025\/10\/20251004_Estivales_Maffle_Affiche_image-300x167.png 300w, https:\/\/vincentdepaulath.eu\/wp-content\/uploads\/2025\/10\/20251004_Estivales_Maffle_Affiche_image-400x222.png 400w, https:\/\/vincentdepaulath.eu\/wp-content\/uploads\/2025\/10\/20251004_Estivales_Maffle_Affiche_image-600x333.png 600w, https:\/\/vincentdepaulath.eu\/wp-content\/uploads\/2025\/10\/20251004_Estivales_Maffle_Affiche_image-768x427.png 768w, https:\/\/vincentdepaulath.eu\/wp-content\/uploads\/2025\/10\/20251004_Estivales_Maffle_Affiche_image-800x444.png 800w, https:\/\/vincentdepaulath.eu\/wp-content\/uploads\/2025\/10\/20251004_Estivales_Maffle_Affiche_image-1024x569.png 1024w, https:\/\/vincentdepaulath.eu\/wp-content\/uploads\/2025\/10\/20251004_Estivales_Maffle_Affiche_image.png 1170w\" sizes=\"(max-width: 1170px) 100vw, 1170px\" \/><\/h4>\n<h4>la Maison Culturelle d\u2019Ath met le cap vers quelques villages de son entit\u00e9 pour y pr\u00e9parer, avec la complicit\u00e9 des associations locales et des habitants, une \u00c9chapp\u00e9e Villageoise.<\/h4>\n<p>Parmi toutes les activit\u00e9s propos\u00e9e dans le village de 14h \u00e0 18h, vous pouvez visiter l&#8217; Exposition en l&#8217;\u00e9glise de Maffle avec:<\/p>\n<p>La pr\u00e9sence de notre g\u00e9ant Monsieur Vincent<\/p>\n<p>Pr\u00e9sentation de la Soci\u00e9t\u00e9 de Saint Vincent de Paul, Ath-Brugelette-Chi\u00e8vres<\/p>\n<p>Expo-photo : le village pass\u00e9-pr\u00e9sent<\/p>\n<p>A l&#8217;ext\u00e9rieur, sur le parvis, 3 g\u00e9ants Mafflous seront pr\u00e9sents et ils vous raconteront leur aventures (17h et 18h)<\/p>\n","protected":false},"excerpt":{"rendered":"<p>la Maison Culturelle d\u2019Ath met le cap vers quelques villages  [&#8230;]<\/p>\n","protected":false},"author":1,"featured_media":163,"template":"","meta":{"_tribe_events_status":"","_tribe_events_status_reason":"","footnotes":""},"tags":[20],"tribe_events_cat":[9],"class_list":["post-162","tribe_events","type-tribe_events","status-publish","has-post-thumbnail","hentry","tag-estivale-2025","tribe_events_cat-rencontre","cat_rencontre"],"_links":{"self":[{"href":"https:\/\/vincentdepaulath.eu\/index.php\/wp-json\/wp\/v2\/tribe_events\/162","targetHints":{"allow":["GET"]}}],"collection":[{"href":"https:\/\/vincentdepaulath.eu\/index.php\/wp-json\/wp\/v2\/tribe_events"}],"about":[{"href":"https:\/\/vincentdepaulath.eu\/index.php\/wp-json\/wp\/v2\/types\/tribe_events"}],"author":[{"embeddable":true,"href":"https:\/\/vincentdepaulath.eu\/index.php\/wp-json\/wp\/v2\/users\/1"}],"version-history":[{"count":3,"href":"https:\/\/vincentdepaulath.eu\/index.php\/wp-json\/wp\/v2\/tribe_events\/162\/revisions"}],"predecessor-version":[{"id":168,"href":"https:\/\/vincentdepaulath.eu\/index.php\/wp-json\/wp\/v2\/tribe_events\/162\/revisions\/168"}],"wp:featuredmedia":[{"embeddable":true,"href":"https:\/\/vincentdepaulath.eu\/index.php\/wp-json\/wp\/v2\/media\/163"}],"wp:attachment":[{"href":"https:\/\/vincentdepaulath.eu\/index.php\/wp-json\/wp\/v2\/media?parent=162"}],"wp:term":[{"taxonomy":"post_tag","embeddable":true,"href":"https:\/\/vincentdepaulath.eu\/index.php\/wp-json\/wp\/v2\/tags?post=162"},{"taxonomy":"tribe_events_cat","embeddable":true,"href":"https:\/\/vincentdepaulath.eu\/index.php\/wp-json\/wp\/v2\/tribe_events_cat?post=162"}],"curies":[{"name":"wp","href":"https:\/\/api.w.org\/{rel}","templated":true}]}}

Echappée estivale à Maffle

<h4><img decoding="async" class="alignnone size-full wp-image-163" src="http://vincentdepaulath.eu/wp-content/uploads/2025/10/20251004_Estivales_Maffle_Affiche_image.png" alt="" width="1170" height="650" srcset="https://vincentdepaulath.eu/wp-content/uploads/2025/10/20251004_Estivales_Maffle_Affiche_image-200x111.png 200w, https://vincentdepaulath.eu/wp-content/uploads/2025/10/20251004_Estivales_Maffle_Affiche_image-300x167.png 300w, https://vincentdepaulath.eu/wp-content/uploads/2025/10/20251004_Estivales_Maffle_Affiche_image-400x222.png 400w, https://vincentdepaulath.eu/wp-content/uploads/2025/10/20251004_Estivales_Maffle_Affiche_image-600x333.png 600w, https://vincentdepaulath.eu/wp-content/uploads/2025/10/20251004_Estivales_Maffle_Affiche_image-768x427.png 768w, https://vincentdepaulath.eu/wp-content/uploads/2025/10/20251004_Estivales_Maffle_Affiche_image-800x444.png 800w, https://vincentdepaulath.eu/wp-content/uploads/2025/10/20251004_Estivales_Maffle_Affiche_image-1024x569.png 1024w, https://vincentdepaulath.eu/wp-content/uploads/2025/10/20251004_Estivales_Maffle_Affiche_image.png 1170w" sizes="(max-width: 1170px) 100vw, 1170px" /></h4>
<h4>la Maison Culturelle d’Ath met le cap vers quelques villages de son entité pour y préparer, avec la complicité des associations locales et des habitants, une Échappée Villageoise.</h4>
<p>Parmi toutes les activités proposée dans le village de 14h à 18h, vous pouvez visiter l&#8217; Exposition en l&#8217;église de Maffle avec:</p>
<p>La présence de notre géant Monsieur Vincent</p>
<p>Présentation de la Société de Saint Vincent de Paul, Ath-Brugelette-Chièvres</p>
<p>Expo-photo : le village passé-présent</p>
<p>A l&#8217;extérieur, sur le parvis, 3 géants Mafflous seront présents et ils vous raconteront leur aventures (17h et 18h)</p>
